{"id":105,"date":"2023-09-15T12:11:57","date_gmt":"2023-09-15T12:11:57","guid":{"rendered":"https:\/\/glaser.kopatschek.net\/?page_id=105"},"modified":"2023-09-28T15:28:08","modified_gmt":"2023-09-28T15:28:08","slug":"ueber-uns","status":"publish","type":"page","link":"https:\/\/recycling-glaser.de\/?page_id=105","title":{"rendered":"\u00dcber uns"},"content":{"rendered":"\n<div style=\"height:22px\" aria-hidden=\"true\" class=\"wp-block-spacer\"><\/div>\n\n\n\n<h2 class=\"wp-block-heading\">\u00dcber uns<\/h2>\n\n\n\n<div style=\"height:22px\" aria-hidden=\"true\" class=\"wp-block-spacer\"><\/div>\n\n\n\n<p>Die Firma Schrott\/Metall Annahme Glaser ist ein seit \u00fcber 15 Jahren erfolgreiches familiengef\u00fchrtes Unternehmen in der Recyclingbranche. Der verantwortungsvolle Umgang mit unserer Umwelt und die Zufriedenheit unserer Kunden liegen uns am Herzen.<\/p>\n\n\n\n<p>Wir verf\u00fcgen \u00fcber hochmoderne Hilfsmittel wie zum Beispiel:<\/p>\n\n\n\n<ul class=\"wp-block-list\">\n<li>Containerfahrzeuge<\/li>\n\n\n\n<li>Container<\/li>\n\n\n\n<li>Stapler<\/li>\n\n\n\n<li>LKW mit Kran<\/li>\n\n\n\n<li>geeichte Digitalwaage<br><\/li>\n<\/ul>\n\n\n\n<p>In unserem 1000 qm gro\u00dfen Lager werden die jeweiligen Metalle fachgerecht sortiert und in gr\u00f6\u00dferen Mengen angesammelt. Somit k\u00f6nnen wir einen besseren Marktpreis erzielen und unseren Kunden immer aktuelle Tagesh\u00f6chstpreise bieten.<\/p>\n\n\n\n<div style=\"height:22px\" aria-hidden=\"true\" class=\"wp-block-spacer\"><\/div>\n\n\n\n<h2 class=\"wp-block-heading\">Historie<\/h2>\n\n\n\n<div style=\"height:22px\" aria-hidden=\"true\" class=\"wp-block-spacer\"><\/div>\n\n\n\n<p>Mein Vater, sowie meine Gro\u00df- und Urgro\u00dfv\u00e4ter waren bereits im Schrott- und Metallhandel t\u00e4tig.<br>Damals noch mit Pferd und Wagen zogen sie \u00fcbers Land und sammelten unter anderem auch Lumpen, Knochen, Papier und vieles mehr.<br>Somit geh\u00f6rten sie zu den Pionieren des modernen Recyclings.<\/p>\n\n\n\n<div style=\"height:22px\" aria-hidden=\"true\" class=\"wp-block-spacer\"><\/div>\n\n\n\n<p>Dies ermutigte meinen Vater Anton Glaser und mich, vor \u00fcber 15 Jahren dazu, unsere Firma zu gr\u00fcnden.<\/p>\n\n\n\n<p>Da mein Vater Anfang des Jahres 2023 leider verstorben ist, f\u00fchre ich seither unser Familienunternehmen in Treu und Glauben meines Vaters Anton Glaser weiter.<\/p>\n","protected":false},"excerpt":{"rendered":"<p>\u00dcber uns Die Firma Schrott\/Metall Annahme Glaser ist ein seit \u00fcber 15 Jahren erfolgreiches familiengef\u00fchrtes Unternehmen in der Recyclingbranche. Der verantwortungsvolle Umgang mit unserer Umwelt und die Zufriedenheit unserer Kunden liegen uns am Herzen. Wir verf\u00fcgen \u00fcber hochmoderne Hilfsmittel wie zum Beispiel: In unserem 1000 qm gro\u00dfen Lager werden die jeweiligen Metalle fachgerecht sortiert und [&hellip;]<\/p>\n","protected":false},"author":1,"featured_media":0,"parent":0,"menu_order":0,"comment_status":"closed","ping_status":"closed","template":"","meta":{"footnotes":""},"class_list":["post-105","page","type-page","status-publish","hentry"],"_links":{"self":[{"href":"https:\/\/recycling-glaser.de\/index.php?rest_route=\/wp\/v2\/pages\/105","targetHints":{"allow":["GET"]}}],"collection":[{"href":"https:\/\/recycling-glaser.de\/index.php?rest_route=\/wp\/v2\/pages"}],"about":[{"href":"https:\/\/recycling-glaser.de\/index.php?rest_route=\/wp\/v2\/types\/page"}],"author":[{"embeddable":true,"href":"https:\/\/recycling-glaser.de\/index.php?rest_route=\/wp\/v2\/users\/1"}],"replies":[{"embeddable":true,"href":"https:\/\/recycling-glaser.de\/index.php?rest_route=%2Fwp%2Fv2%2Fcomments&post=105"}],"version-history":[{"count":13,"href":"https:\/\/recycling-glaser.de\/index.php?rest_route=\/wp\/v2\/pages\/105\/revisions"}],"predecessor-version":[{"id":227,"href":"https:\/\/recycling-glaser.de\/index.php?rest_route=\/wp\/v2\/pages\/105\/revisions\/227"}],"wp:attachment":[{"href":"https:\/\/recycling-glaser.de\/index.php?rest_route=%2Fwp%2Fv2%2Fmedia&parent=105"}],"curies":[{"name":"wp","href":"https:\/\/api.w.org\/{rel}","templated":true}]}}